63 - 1561?
-14ba
In base 16, what is 1f + 154c?
156b
In base 5, what is -112 - 4023?
-4140
In base 6, what is 550541 - 14?
550523
In base 10, what is -483661 + 1?
-483660
In base 13, what is -2 - 51bc?
-51c1
In base 12, what is 375 - -a3a?
11b3
In base 7, what is 526 + -615?
-56
In base 3, what is -1110 - -2022211221?
2022210111
In base 5, what is -40 + -1204411?
-1210001
In base 10, what is -470 - -7?
-463
In base 13, what is 43 - 5b7?
-574
In base 5, what is -123321 + 2010?
-121311
In base 16, what is 1 - -570be?
570bf
In base 6, what is 144254 + 4?
144302
In base 7, what is 3 + 16434653?
16434656
In base 5, what is 432303 - -10?
432313
In base 10, what is 2255 + -7?
2248
In base 9, what is 85 + 6651?
6746
In base 4, what is 120210 + 22?
120232
In base 16, what is -13f59 - -7?
-13f52
In base 10, what is -117508 + -3?
-117511
In base 3, what is -11212222 + 200012?
-11012210
In base 12, what is a + -10672?
-10664
In base 12, what is 0 + -a359?
-a359
In base 13, what is -2758a6 - 1?
-2758a7
In base 12, what is b79 - 5a?
b1b
In base 16, what is 49d4 - -b?
49df
In base 13, what is 1cba7 - 4?
1cba3
In base 4, what is -1020 - 3232?
-10312
In base 2, what is -1010010011001001 + 1100?
-1010010010111101
In base 6, what is 3 + 433123?
433130
In base 11, what is -616a3 + -5?
-616a8
In base 3, what is 11 + 20100002?
20100020
In base 10, what is 9 - 439067?
-439058
In base 4, what is 1013030200 - 2?
1013030132
In base 9, what is -735 + -10?
-745
In base 15, what is 15bd0 - a?
15bc5
In base 4, what is -13011 - 3212?
-22223
In base 6, what is -5 + -11342?
-11351
In base 6, what is -55023203 + 0?
-55023203
In base 10, what is -170533 - 16?
-170549
In base 8, what is -17445 + 24?
-17421
In base 16, what is -640 + -9?
-649
In base 12, what is -3 + -aa7b?
-aa82
In base 2, what is -100 - -11001001110100?
11001001110000
In base 6, what is 15331 - 3044?
12243
In base 15, what is 48172 - 5?
4816c
In base 15, what is 41 - -257?
298
In base 11, what is 2 + -14165?
-14163
In base 5, what is -1330233 + -3?
-1330241
In base 7, what is 22466165 + -1?
22466164
In base 8, what is -4 + 43073?
43067
In base 13, what is 1 - -1c677?
1c678
In base 9, what is 28 - -15240?
15268
In base 16, what is 9f41e - 3?
9f41b
In base 5, what is 10 + 240320?
240330
In base 8, what is -26 + 504?
456
In base 9, what is -534 - 1841?
-2475
In base 16, what is e + 164?
172
In base 15, what is -28 + -9d3?
-a0b
In base 7, what is 36451 - -2?
36453
In base 2, what is -1001 - -101111101101010111?
101111101101001110
In base 15, what is -3 + -441c?
-4420
In base 13, what is -149 - 71?
-1ba
In base 2, what is -1101010 + 100010010?
10101000
In base 12, what is 38a + -4?
386
In base 2, what is -11 + -10001001011010?
-10001001011101
In base 2, what is -101010 + 10000001001110?
10000000100100
In base 7, what is 0 - 400134?
-400134
In base 12, what is -2 + -191b8?
-191ba
In base 14, what is 141 + 98?
1d9
In base 4, what is -2 + -133213332?
-133220000
In base 15, what is -12aa + -1?
-12ab
In base 4, what is -102 + 230302?
230200
In base 3, what is 202102201100 - 12?
202102201011
In base 8, what is -24 + 2655?
2631
In base 3, what is -11101222020 - -12?
-11101222001
In base 16, what is -1d - a47?
-a64
In base 5, what is 31340400 + -10?
31340340
In base 14, what is 11117 + 2?
11119
In base 2, what is -100 - 111001011011111000?
-111001011011111100
In base 14, what is 1872dd + -1?
1872dc
In base 10, what is -4 - 14344?
-14348
In base 7, what is 1 - 6236114?
-6236113
In base 5, what is -110122201 - 1?
-110122202
In base 13, what is -8a19 - -24?
-89c5
In base 11, what is -397a + -31?
-3a00
In base 8, what is 34304 + -24?
34260
In base 3, what is 12 + -21221201?
-21221112
In base 7, what is -1152601 + 3?
-1152565
In base 4, what is 1103003 - 12?
1102331
In base 10, what is -65 + -1172?
-1237
In base 11, what is -104 + -2025?
-2129
In base 3, what is 111212021010 + -1?
111212021002
In base 14, what is 4ab3b + 4?
4ab41
In base 10, what is 21324 - -6?
21330
In base 11, what is 91 - 29a9?
-2918
In base 8, what is 4622 + -26?
4574
In base 15, what is -d639 - d?
-d647
In base 12, what is -28 + -17551?
-17579
In base 9, what is 18532255 - 5?
18532250
In base 2, what is 111011101011001111111 - -11?
111011101011010000010
In base 3, what is 10 - 2120220110?
-2120220100
In base 5, what is -4 - 44041011?
-44041020
In base 11, what is -293 + 108?
-186
In base 10, what is 2471199 - -1?
2471200
In base 10, what is 0 + -35947?
-35947
In base 8, what is -25040 - -165?
-24653
In base 16, what is 16e + 7?
175
In base 14, what is 16a7c + -9?
16a73
In base 15, what is 1 - -9144?
9145
In base 14, what is -608 - -19?
-5cd
In base 2, what is -1 + -1111101010011001?
-1111101010011010
In base 11, what is -3 + -34259?
-34261
In base 10, what is 315118 - 5?
315113
In base 8, what is -5 + -664416?
-664423
In base 9, what is 404 - 1158?
-654
In base 14, what is -3 + -7422?
-7425
In base 10, what is 1 + -117618?
-117617
In base 7, what is -16 - -555?
536
In base 11, what is 843196 - 5?
843191
In base 8, what is -11120 + -73?
-11213
In base 3, what is -201121 - -110?
-201011
In base 15, what is -10691 - -2?
-1068e
In base 4, what is 10112221 - -3?
10112230
In base 7, what is -2 - -2164?
2162
In base 2, what is 10011111100000101100 + 101?
10011111100000110001
In base 13, what is -13cc26 + 4?
-13cc22
In base 9, what is 2 + 3037?
3040
In base 14, what is d30 + 1b?
d4b
In base 15, what is -1408e - 6?
-14095
In base 14, what is -3 + 3895?
3892
In base 2, what is -111111110 - 10010010?
-1010010000
In base 8, what is 5 + 2110?
2115
In base 6, what is 55415 + 424?
100243
In base 10, what is 26 - 2183?
-2157
In base 6, what is -51 + -30511?
-31002
In base 15, what is 18e1 + -1c?
18c4
In base 10, what is -11 + 1431?
1420
In base 3, what is -1 + 101200110?
101200102
In base 9, what is -247 + 380?
132
In base 3, what is -200022 + 200?
-122122
In base 5, what is -2300 + -1043?
-3343
In base 13, what is 251 - 137?
117
In base 11, what is 4 + -8122?
-8119
In base 4, what is -2102310 + 320?
-2101330
In base 7, what is -44 + 415630?
415553
In base 14, what is -3 - -4844?
4841
In base 4, what is 11 + -3112311?
-3112300
In base 7, what is 0 - 111361?
-111361
In base 10, what is -96134 + 3?
-96131
In base 8, what is -122 - -64?
-36
In base 7, what is -204056 + -4?
-204063
In base 8, what is -75116 + 1?
-75115
In base 9, what is -248 + 7?
-241
In base 5, what is -111320 - 13?
-111333
In base 5, what is -11030 + -1?
-11031
In base 12, what is 2 - -36b60?
36b62
In base 10, what is 7 + -1302?
-1295
In base 4, what is 31100122 - -11?
31100133
In base 14, what is -26 + -1ac?
-1d4
In base 5, what is -14 + -243243?
-243312
In base 9, what is 4 + -8371?
-8366
In base 14, what is 0 - 86c2?
-86c2
In base 3, what is -1102011102 - 100?
-1102011202
In base 12, what is -b3380 + 2?
-b337a
In base 3, what is 11022011 - 220212?
10101022
In base 8, what is 32277 - 163?
32114
In base 2, what is -11110 - 1000011010011?
-1000011110001
In base 15, what is -4db4 + -29?
-4ddd
In base 10, what is -9 - -158376?
158367
In base 11, what is 1a97948 + -3?
1a97945
In base 8, what is 30733 + 4?
30737
In base 10, what is 1023582 - -4?
1023586
In base 6, what is 5330052 + -4?
5330044
In base 6, what is 41335034 - 1?
41335033
In base 14, what is -351d23 + 4?
-351d1d
In base 13, what is -88 + 3536?
347b
In base 15, what is -2e - 110?
-13e
In base 2, what is -1 - -10100011100001?
10100011100000
In base 7, what is -25646 - 24?
-26003
In base 11, what is -225a + -4?
-2263
In base 2, what is -1101000111 + 111?
-1101000000
In base 15, what is -1 + -a18?
-a19
In base 3, what is -2 + 101222211?
101222202
In base 8, what is 272 - -3334?
3626
In base 15, what is 1e80 - 33?
1e4c
In base 7, what is -5 - 424510?
-424515
In base 6, what is -124 + -1024?
-1152
In base 13, what is -376cb - -3?
-376c8
In base 6, what is -5 + 10553311?
10553302
In base 6, what is 3252402 + 3?
3252405
In base 16, what is -91f42 - 1?
-91f43
In base 10, what is 8 + -15920?
-15912
In base 9, what is -3 - -344820?
344816
In base 12, what is 2 + 2616?
2618
In base 3, what is 1200100 - 20221?
1102102
In base 4, what is 1331122 + 12?
1331200
In base 14, what is 805 + 86?
88b
In base 16, what is 4 - -d3690?
d3694
In base 6, what is 123 - 42